hest common divisor of l and 12?
12
Let o(x) = -x + 8. Let c be o(-9). Calculate the highest common factor of 34 and c.
17
Let n(o) = -8*o - 3. Let v be n(-6). Let f be (120/(-28))/(2/(-14)). Suppose 0*p - p = -f. Calculate the highest common factor of v and p.
15
Suppose -5*l = -218 + 78. Calculate the greatest common divisor of l and 70.
14
Suppose 0 = -2*s - s + 33. Calculate the greatest common divisor of 11 and s.
11
Let g(i) = 3 + 3 + i - 4. Let v be g(5). Suppose 4*p - 32 = 2*o, -2*p = -o - 2*o - 20. What is the greatest common factor of p and v?
7
Let c be 1 - (-1 - 2)/3. Suppose -3 = -4*m - 5*t, -c*t - 3 = -9. Let f(y) = 7*y**2 + 3*y - 2. Let j be f(m). Calculate the highest common divisor of 13 and j.
13
Let x(u) be the second derivative of -u**4/12 + u**3/6 + 59*u**2/2 + 2*u. Let j be x(0). Let w = j - 3. Calculate the greatest common divisor of w and 8.
8
Let r(x) = -x**2 + 8*x - 5. Let q be r(4). Calculate the greatest common factor of q and 44.
11
Let s be (4/8)/(2/(-8)). Let n be (-30)/s*2/2. Let k(u) = 9*u**3 + 2*u - 1. Let q be k(1). Calculate the greatest common divisor of n and q.
5
Suppose -5*c = -2*c - q - 17, -2*q = -5*c + 29. Suppose r + c = 3. Let p be r/(-4)*(12 - 0). What is the greatest common factor of p and 30?
6
Suppose -z + 17 = -4. What is the greatest common factor of 189 and z?
21
Suppose 0 = -o - 4*m + 20, 2*o + 2*m = 96 - 38. Calculate the highest common divisor of o and 64.
32
Suppose -5*w = 2 - 137. Suppose 0*m = 3*m - w. Calculate the greatest common divisor of m and 45.
9
Let l = -22 + 70. Suppose 0*d + 48 = 4*d. What is the greatest common factor of d and l?
12
Suppose -z = -6*z + 10. Suppose 3*i - 44 = z*p - p, 0 = -2*i + p + 30. What is the highest common divisor of i and 2?
2
Let j be 6462/81 - 2/(-9). What is the greatest common factor of j and 10?
10
Suppose 0 = -q + 2 + 4. Suppose -3*f = -31 + 10. Let z be 2 - 3 - f/(-1). What is the greatest common factor of z and q?
6
Let t = -2 + 0. Let b = 4 + t. Let z be 1/2*b*77. What is the greatest common divisor of 11 and z?
11
Let h(o) be the second derivative of -2*o + 0 - 2*o**2 + 1/3*o**3. Let u be h(8). What is the highest common divisor of 84 and u?
12
Let x(q) = q**2 - 7*q - 1. Let g be x(8). What is the highest common factor of 21 and g?
7
Let z be 3 + (-1)/(1/(-4))*1. What is the greatest common factor of 21 and z?
7
Suppose 2*f + 44 = 294. Suppose -55*t - 320 = -51*t. Let v = t + f. What is the greatest common factor of 5 and v?
5
Let u = 87 + -127. Suppose 0 = -2*v + 81 + 55. Let h = u + v. Calculate the greatest common divisor of 42 and h.
14
Let z(w) = -3*w + 47. Let g be z(-19). Let r(b) = -2*b**2 - b - b**3 - b - 6*b**2 - 3. Let j be r(-8). What is the greatest common divisor of g and j?
13
Suppose -3*h - h - b + 136 = 0, b = -h + 31. Let r be (1 + -3)/(6/(-21)). Calculate the highest common divisor of r and h.
7
Let i = 4 + -3. Let z(j) = -4*j - 3 - 5 + 0 + 4. Let a be z(-3). What is the highest common divisor of a and i?
1
Let q be (-6)/(-4) - (-372)/24. What is the greatest common factor of q and 68?
17
Let f = 15 - 3. Calculate the greatest common divisor of f and 96.
12
Let p = 2 + -1. Let y be (1/p)/(4/108). Let i be 4 + -1*2 + 1. What is the greatest common factor of y and i?
3
Let f be (16/(-4) + -10)*(-30)/21. What is the greatest common divisor of 40 and f?
20
Suppose 16*d - 15 = 11*d. What is the greatest common factor of d and 6?
3
Let t = -26 + 36. Let u be (-288)/(-20) - 4/t. What is the highest common factor of u and 21?
7
Suppose 76 = -5*o + o. Let j = 73 + o. What is the greatest common divisor of 18 and j?
18
Let s = -1 - -37. Calculate the highest common divisor of s and 90.
18
Suppose 2*y - 7*y + 130 = 0. Suppose x - y = -x. Calculate the greatest common divisor of 143 and x.
13
Let n be (-34)/4*(-3 + 5). Let f = n + 26. What is the greatest common factor of f and 99?
9
Let n(t) = -3*t. Let u be n(-10). Suppose -2*k + u = 3*k. Let b be (-3)/(-2 + 1/2). What is the greatest common divisor of k and b?
2
Let z = -137 - -206. What is the greatest common factor of 23 and z?
23
Let o(p) = 6*p**2 - 5*p + 3. Let x be o(2). What is the greatest common factor of x and 153?
17
Let i be (-2 + 4 - 0) + 1. Let k be 8 - (4 - (1 + 1)). Calculate the greatest common divisor of i and k.
3
Let r = -10 - -15. Let b be ((-6)/(-4))/((-58)/20 + 3). What is the greatest common divisor of b and r?
5
Let g(m) = -m**3 + 6*m**2 + m + 7. Suppose 3*z + 8 = 26. Let t be g(z). Calculate the highest common factor of 52 and t.
13
Suppose a + 45 = 4*s, -2*a - 46 = -4*s - 0*s. Let r be (-2 + (-5)/(-2))*0. Suppose r = 8*p - 4*p - 396. Calculate the greatest common factor of s and p.
11
Let h = 0 + 0. Suppose h = -4*k + 2*k - b + 46, 3*b = 3*k - 78. What is the greatest common divisor of k and 3?
3
Let x(i) = -85*i - 1. Let m be x(-1). What is the greatest common divisor of m and 12?
12
Let s(p) = 6*p + 7. Let r be s(8). What is the highest common factor of r and 22?
11
Suppose 2*z = 4*z + 4. Let i(w) be the first derivative of -3*w**2/2 - 3*w + 1. Let m be i(z). What is the greatest common factor of 33 and m?
3
Suppose 0 = 3*g - 8*g. Suppose 4 = -2*u, g = -4*k + 3*k + 5*u + 50. Let m(b) = 3*b**2 + 7*b + 4. Let i be m(-3). What is the greatest common divisor of i and k?
10
Suppose 0 = -5*i + 55 + 185. Let g(v) = 33*v**3 - v**2. Let u be g(1). What is the greatest common divisor of u and i?
16
Suppose -4*f + 38 - 2 = 0. Let o(a) = a**3 - 2*a**2 - a - 4. Let d be o(3). Let h be 37/d + (-1)/2. What is the greatest common divisor of h and f?
9
Let q be 1/((-27)/(-13) - 2). Let p be (-3735)/(-285) + (-2)/19. What is the greatest common factor of q and p?
13
Suppose -3*p = -16 + 7. Suppose t - 480 = -p*t. What is the highest common divisor of t and 15?
15
Let n = -23 - -33. Suppose 3*b + 12*b = 1350. What is the highest common divisor of n and b?
10
Suppose 31 = r - 26. What is the highest common factor of 38 and r?
19
Let m = -7 + 19. Let y = -4 + m. Suppose -b - 3*b + 288 = 0. Calculate the highest common factor of b and y.
8
Suppose -17 = -4*q + 143. Suppose -2*v = -3*v. Suppose v*w = 5*w - 25. Calculate the highest common divisor of q and w.
5
Let n(h) = -h**3 - 5*h**2 + 12*h + 6. Let u be n(-7). Calculate the greatest common divisor of 180 and u.
20
Let z(m) = -m**3 - 3*m**2 - 8*m. Let q be z(-4). Suppose 176 - q = f. Calculate the greatest common factor of f and 16.
16
Let i = -22 - -317. Suppose 0*p - 5*p = -5*k - i, 126 = 2*p + 2*k. Let r be (p - 9) + 1*2. Calculate the highest common divisor of r and 36.
18
Suppose 2*z - 22 = -0. Calculate the highest common factor of 55 and z.
11
Suppose -5*n = -4*r - 7, 0 = -2*r + 3*n - 0 - 5. Suppose 25 = r*c - 25. What is the highest common factor of 225 and c?
25
Let t = -175 + 207. What is the greatest common factor of t and 4?
4
Suppose 4*c = -2*x - 16, 4*x + 5*c = -20 - 12. Let h be (-4)/(-16) + (-350)/x. What is the highest common factor of h and 22?
22
Let w be 1500/45 + (-2)/(-3) - -2. Let v be 1*(-8 + -1)*-1. Calculate the greatest common factor of w and v.
9
Let n be -4 - ((3 - 46) + 0). What is the greatest common divisor of n and 104?
13
Let z be 21 - (-2 - -1 - 0). Let f = z + -34. Let j be 2 - 4/(f/15). Calculate the greatest common divisor of j and 56.
7
Suppose -3*x + t + 26 = 0, -4 - 4 = -x + t. What is the highest common divisor of 9 and x?
9
Let b = -22 - -25. Suppose 101 = b*s + f, 0*s + 5*s + 5*f = 185. Calculate the greatest common factor of s and 32.
32
Suppose -5*r + 5 = 2*k - 1, r = 3*k + 8. Suppose 2*h - r - 46 = 0. Let f = -96 - -156. What is the greatest common factor of f and h?
12
Suppose 14*i - 60 = 12*i. Let x = -298 + 668. Suppose x = 5*z - i. Calculate the greatest common divisor of 10 and z.
10
Suppose 0 = 3*z - 0 - 15. Suppose 0 = -m - 4*j + 90, -5*m - j + 435 = 4*j. Suppose -z*k + 44 + m = 0. What is the greatest common divisor of k and 13?
13
Let m be -2 - -3 - 3 - -2. Suppose -2 = -l - m. Let u be (-1 - -2)*(l + 8). Calculate the greatest common divisor of 40 and u.
10
Let w = 33 + -22. What is the highest common factor of w and 121?
11
Let a = -107 - -66. Let o = 59 + a. What is the highest common divisor of 198 and o?
18
Let o = -3 + 3. Let z(l) = 3*l + 1. Let y be z(4). Su